(-121).
26
Let p(c) = -61453*c - 1966722. What is p(-32)?
-226
Let q(t) = -t**3 - 5*t**2 + 6*t - 163. Determine q(9).
-1243
Let p(g) = g**3 + 366*g**2 + 4569*g - 7076. What is p(-353)?
-16
Let x(z) = -z**2 - 79*z - 1082. Calculate x(-60).
58
Let s(o) = -1455*o - 65479. Calculate s(-45).
-4
Let s(f) = -f**2 + 390*f - 33300. Give s(126).
-36
Let z(g) = g**3 + 7*g**2 + 99288*g + 496407. Give z(-5).
17
Let d(x) = 229*x**2 + 1606*x + 2296. What is d(-5)?
-9
Let w(r) = -r**2 - 5967*r + 2097896. Determine w(333).
-4
Let b(a) = 2*a**3 + 68*a**2 + 245*a - 137. What is b(-30)?
-287
Let b(g) = 2*g**3 - 85*g**2 + 475*g + 1168. What is b(9)?
16
Let l(n) = 46*n**3 + 6*n**2 - 20*n + 6. Calculate l(3).
1242
Let t(k) = 2*k**3 + 185*k**2 - 1286*k + 93. What is t(-99)?
-6
Let b(i) = -4*i**2 - 1043*i + 12002. Give b(11).
45
Let s(j) = -5*j**2 + 51*j - 164. What is s(12)?
-272
Let n(c) = -c**3 + 18*c**2 - 13*c + 1150. Determine n(21).
-446
Let u(i) = -3*i**2 - 165*i - 2105. Give u(-35).
-5
Let s(j) = 2*j**3 + 345*j**2 - 1209*j + 4076. Determine s(-176).
28
Let q(g) = 2*g**2 + 5142*g + 330657. Calculate q(-66).
-3
Let w(k) = -1123*k - 11364. Determine w(-10).
-134
Let j(z) = 416245*z + 20396007. Determine j(-49).
2
Let r(g) = g**2 - 1092*g - 14753. Determine r(-13).
-388
Let c(n) = -11*n**2 + 1409*n - 1573. Give c(125).
2677
Let s(q) = 4229*q - 325629. What is s(77)?
4
Let w(i) = -361*i + 46662. Calculate w(131).
-629
Let f(h) = -3063*h**2 + 769*h + 768. Determine f(-1).
-3064
Let f(x) = -x**2 + 498*x + 22796. What is f(540)?
116
Let t(r) = 11*r**2 - 60*r + 152. Determine t(-16).
3928
Let w(q) = -q**3 + 52*q**2 + 845*q + 14. Give w(65).
14
Let q(z) = -6*z**2 + 417*z + 204. What is q(68)?
816
Let r(j) = 17237*j + 206838. What is r(-12)?
-6
Let q(s) = 2*s**2 - 5331*s + 58402. Give q(11).
3
Let w(q) = -6*q**2 + 389*q - 2856. Calculate w(7).
-427
Let p(d) = -3*d**3 - 18*d**2 - 156*d - 350. What is p(-5)?
355
Let r(p) = 4*p**3 + 18*p**2 - 59*p + 39. Determine r(-7).
-38
Let r(f) = -2*f**2 - 2793*f - 283018. What is r(-110)?
12
Let g(q) = -3*q**3 - 2104*q**2 - 738*q - 26177. What is g(-701)?
-240
Let o(h) = 7*h**2 + 412*h + 3103. What is o(-50)?
3
Let d(t) = 2908719*t - 5817434. Calculate d(2).
4
Let l(n) = n**2 - 568*n - 20434. Give l(-34).
34
Let j(h) = -17*h**2 - 764*h - 701. What is j(-44)?
3
Let y(b) = 39776*b + 397767. What is y(-10)?
7
Let b(s) = s**3 - 26*s**2 + 20*s + 101. Give b(27).
1370
Let o(p) = 14926*p + 119687. Determine o(-8).
279
Let w(p) = -12*p**3 - 277*p**2 - 427*p - 9382. Give w(-23).
-90
Let g(d) = 3*d**2 + 687*d + 4430. What is g(-222)?
-232
Let y(l) = 165*l**3 + 45*l**2 + 163*l + 119. What is y(-1)?
-164
Let a(k) = 34445*k + 551111. What is a(-16)?
-9
Let d(w) = 44*w**2 - 760*w - 3049. What is d(-4)?
695
Let b(v) = -2*v**3 + 2*v**2 + 598*v - 4841. Determine b(9).
-755
Let t(m) = -3727*m - 4991. Determine t(-2).
2463
Let a(c) = -84*c**2 - 537*c - 66. Determine a(-5).
519
Let h(t) = 132*t - 9931. Give h(61).
-1879
Let o(m) = -3*m**3 - 26*m**2 - 46*m - 68. Determine o(-7).
9
Let l(a) = -4*a**2 - 17018*a - 68050. Give l(-4).
-42
Let s(w) = 9*w**3 + 1529*w**2 - 154*w + 371. Give s(-170).
-2349
Let o(h) = 99*h**2 - 1173*h - 158. Calculate o(12).
22
Let u(a) = -5*a**3 - 3*a**2 - 5209*a - 5206. Give u(-1).
5
Let b(o) = 2*o**3 - 27*o**2 + 160. What is b(14)?
356
Let t(f) = -2*f**3 - 238*f**2 - 17266*f - 1965371. Give t(-117).
-5
Let x(l) = 3*l**2 - 1781*l + 58208. Determine x(35).
-452
Let d(f) = -1124*f + 61821. Give d(55).
1
Let g(v) = v**3 + 99*v**2 - 1107*v + 11324. Calculate g(-110).
-6
Let i(c) = -138*c - 34982. Calculate i(-255).
208
Let s(d) = -30320*d - 2668149. Determine s(-88).
11
Let v(n) = 5*n**2 + 345*n + 5224. Give v(-46).
-66
Let p(b) = -2*b**2 - 380*b + 57507. Determine p(99).
285
Let f(h) = -53244*h + 53260. What is f(1)?
16
Let d(q) = -4873*q - 48665. Calculate d(-10).
65
Let m(q) = -17605*q + 1091514. What is m(62)?
4
Let n(h) = 7*h**2 + 14808*h + 191328. What is n(-13)?
7
Let h(s) = 54*s - 4526. What is h(74)?
-530
Let g(h) = h**3 + 74*h**2 + 1407*h + 4590. Determine g(-45).
0
Let g(w) = -w**2 + 813*w + 16673. Calculate g(-20).
13
Let k(t) = -3451*t + 748834. What is k(217)?
-33
Let y(g) = 181*g**3 + 50*g**2 + 41*g - 10. Calculate y(-1).
-182
Let i(j) = -4672*j + 299029. Give i(64).
21
Let j(g) = 16057*g + 32180. Calculate j(-2).
66
Let m(p) = 5*p**3 + 59*p**2 + 882*p + 9232. What is m(-11)?
14
Let j(a) = -2*a**3 - 57*a**2 + 332*a - 1535. Calculate j(-34).
-107
Let q(t) = 1748*t + 600. What is q(1)?
2348
Let z(r) = 2*r**3 + 627*r**2 + 346*r + 10342. What is z(-313)?
13
Let s(c) = 241*c - 16146. Calculate s(67).
1
Let y(w) = 2*w**3 + 2*w**2 + 735*w + 2998. Calculate y(-4).
-38
Let o(r) = -2136*r + 4109. Determine o(2).
-163
Let d(h) = -h**3 + h**2 - 47*h - 42. Calculate d(0).
-42
Let x(w) = -8*w**3 + 6*w**2 + 60*w + 26. Give x(-4).
394
Let u(q) = q**3 + 37*q**2 + 304*q + 188. What is u(-21)?
860
Let g(j) = -240427*j + 961714. Give g(4).
6
Let u(z) = 6845*z - 20491. Determine u(3).
44
Let u(z) = -4*z**2 + 731*z + 52310. Give u(-55).
5
Let v(l) = -3*l**3 - 59*l**2 - 211*l + 121. Give v(-4).
213
Let w(v) = -15*v**3 + 263101*v + 263100. What is w(-1)?
14
Let y(h) = -h**2 + 266*h - 1386. Determine y(5).
-81
Let c(s) = -319*s + 11859. Determine c(35).
694
Let x(q) = -11334*q + 31823. Calculate x(3).
-2179
Let h(o) = 7*o**2 + 1138*o - 7548. Give h(-169).
57
Let m(d) = -d**3 + 7*d**2 + 138*d - 349. Give m(-10).
-29
Let u(r) = r**3 + 66*r**2 + 240*r - 45. What is u(-4)?
-13
Let p(t) = 285*t**2 - 955*t + 1. What is p(5)?
2351
Let f(j) = -146*j**3 - 1204*j**2 - 2383*j - 58. Give f(-5).
7
Let c(f) = 998*f + 19092. Give c(-19).
130
Let r(n) = -113*n**2 - 1402*n + 135699. Give r(29).
8
Let h(z) = 3368*z - 3103. What is h(1)?
265
Let a(y) = -y**2 - 3539*y - 1390043. Calculate a(-450).
7
Let f(n) = -1151*n**2 + 61*n + 63. Give f(-1).
-1149
Let c(j) = -3*j**3 - 23*j**2 + 25*j + 212. Determine c(-8).
76
Let j(b) = -1610290*b - 3220575. Calculate j(-2).
5
Let h(l) = l**2 + 49*l + 270. Give h(-47).
176
Let r(n) = 2867*n + 194947. What is r(-68)?
-9
Let j(n) = -n**3 + 48*n**2 + 6467*n + 88. Determine j(-60).
868
Let p(n) = -7453*n - 4345085. Calculate p(-583).
14
Let l(q) = -981777*q + 4908914. What is l(5)?
29
Let v(d) = -d**3 - 3457*d**2 - 99406*d + 170. Calculate v(-29).
-4
Let v(y) = -y**3 + 358*y**2 + 1489*y + 118321. Give v(363).
-17
Let n(b) = b**3 - 22*b**2 - 349*b + 7802. Give n(21).
32
Let y(o) = 379*o + 53428. What is y(-141)?
-11
Let p(w) = w**3 + 229*w**2 - 1173*w + 2010. What is p(-234)?
2712
Let l(k) = 84438*k - 1519928. Give l(18).
-44
Let k(z) = z**2 + 1337*z - 3268359. Determine k(1259).
5
Let i(m) = 11319*m - 362247. What is i(32)?
-39
Let m(y) = -99871*y - 5293166. Determine m(-53).
-3
Let z(g) = 132*g**2 + 13466*g + 177. Calculate z(-102).
-27
Let b(l) = 5*l**3 + 196*l**2 - 50*l - 10554. Determine b(-38).
10
Let g(y) = 725*y + 34805. Determine g(-48).
5
Let t(a) = 165*a**2 - 1403*a + 2168. Calculate t(2).
22
Let q(f) = -6967*f + 69. Calculate q(0).
69
Let o(f) = -2*f**3 - 341*f**2 + 3599*f + 99. Determine o(10).
-11
Let w(y) = -349*y + 17061. What is w(48)?
309
Let r(i) = 2*i**3 - 43*i**2 - 89*i + 1300. What is r(20)?
-1680
Let j(r) = -1728*r + 35242. What is j(20)?
682
Let h(p) = 5*p**2 - 82*p - 200. Calculate h(19).
47
Let t(w) = 2033*w - 99619. Determine t(49).
-2
Let x(s) = 2*s**3 - 91*s**2 + 103165*s - 4640391. Calculate x(45).
9
Let m(t) = -t**3 - 2*t**2 - 288*t - 3404. Give m(-12).
1492
Let u(q) = 22*q**3 + 1744*q**2 + 475*q + 298. Calculate u(-79).
219
Let n(b) = -3*b**2 - 344*b - 2120. Calculate n(-107).
341
Let t(h) = -3*h**3 + 72*h**2 - 156*h - 32. Determine t(23).
-2033
Let h(i) = 1856*i + 673731. What is h(-363)?
3
Let v(q) = -53*q**2 + 3459*q - 904. Determine v(65).
6
Let j(w) = 17*w**3 + 146*w**2 - 1049*w + 1. Determine j(5).
531
Let s(m) = -m**2 + 2246*m - 201885. Determine s(93).
-1656
Let t(p) = p**2 - 212*p + 4872. What is t(187)?
197
Let j(c) = 1994*c - 53707. Calculate j(27).
131
Let l(z) = -z**3 - 364*z**2 + 19777*z + 419. Determine l(-412).
7
Let j(v) = -v**3 - v**2 + 31529*v - 4071. Calculate j(177).
0
Let u(h) = -26342*h + 3714216. What is u(141)?
-6
Let o(p) = -7120*p + 7080. Determine o(1).
-40
Let m(x) 